e g - 5*g + 76 = 0. What is the units digit of g?
9
Suppose 378 = 3*b - 4*g, 0 = -b + 2*g + 187 - 59. What is the hundreds digit of b?
1
Let x be 30/4*6/9. Suppose 4*t + 4 = r + x*t, -5*r + 2*t + 6 = 0. What is the units digit of r?
2
Let b be 3 + (-3 - -2)/1. Let c be 2 - (b/(-2) + 6). Let a = -1 - c. What is the units digit of a?
2
Let w = 49 - 16. What is the tens digit of w?
3
Let v = 2 - -1. Let i be ((-1)/v)/((-5)/45). Suppose -i*f = -18 - 12. What is the units digit of f?
0
Suppose 4*d = 5*q - 11, -2*q = -5*d - 4 + 3. Suppose -q*v + 4*v - c - 9 = 0, 2*v - 3*c = 16. What is the tens digit of v?
1
What is the tens digit of 3/((-1)/6*-1)?
1
Suppose -22 = -4*z - s, s = 6*s - 10. Let c = -3 + z. Let u(w) = 3*w**2 - w + 2. What is the units digit of u(c)?
2
Let o(r) = r**2 + r - 3. Let l be o(-3). Suppose 22 = 5*x - l*x. What is the tens digit of x?
1
Let b(k) = -k**2 - k + 3. Let a be b(0). Suppose 3*v = a*l + 33, v + 3*l = -0*l + 7. Suppose 5*j - 10 - v = 0. What is the units digit of j?
4
Let t(m) = m**2 + 8*m + 6. What is the tens digit of t(5)?
7
Suppose 25 = -t + 2*c, -t = -c + 6*c + 11. Let n = -11 - t. What is the units digit of n?
0
Let m be (-4)/(-8) - 222/(-4). Suppose 0 = -v - v + m. What is the units digit of v?
8
Suppose 8*h + 235 = 13*h. What is the tens digit of h?
4
Let b(j) = -j**2 + 0*j**2 - j - j**3 - 2*j**2 - 3 + 0*j**2. What is the units digit of b(-4)?
7
Suppose -5*q + 380 = -0*q. What is the tens digit of q?
7
Let c(o) = o + 7. Let r be c(-7). Suppose 3*b - b - 130 = r. Suppose -3*t = 2*t - b. What is the tens digit of t?
1
Let v(u) = -u**3 + 15*u**2 + 26*u - 9. What is the units digit of v(16)?
1
Suppose 3*a + 9 = 5*b + 53, 2*b = a - 18. Let q be (-19)/(b/4 + 2). Let i = q - 20. What is the units digit of i?
8
Let x = -1 - -6. Suppose -3*c - 5*i - 20 = 0, 4*c - x*i - 6 = 14. Suppose c = 3*z - 9 - 6. What is the units digit of z?
5
What is the units digit of 21*6 - (-20)/10?
8
Suppose -4*c + 166 = -142. What is the tens digit of c?
7
Let b(o) = o**3 + 3*o**2 - 3. Let f be b(-3). Let n(j) = 2*j**2 - j - 4. What is the tens digit of n(f)?
1
Suppose 0*k - 5*i = 5*k - 30, k = 4*i - 14. Suppose k*y + 3*y = -3*p + 7, -4*p - 39 = -3*y. Let v(t) = t**3 + 5*t**2 - 8*t - 5. What is the units digit of v(p)?
7
What is the units digit of (-2)/(-3) + 4065/45?
1
Let t(q) = q**3 - q**2 + 2*q + 10. What is the tens digit of t(0)?
1
Let j(m) = -m + 2. Let v be 3/(-9) + 1/3. Let s be j(v). Let q = 3 - s. What is the units digit of q?
1
Let b(t) = -4*t + 7. Let x(p) = 13*p - 21. Let k(d) = 7*b(d) + 2*x(d). What is the units digit of k(-14)?
5
Let l = 6 - 5. What is the units digit of 20 - (6/3 - l)?
9
Let y = 13 + -7. Let u = 8 - y. What is the units digit of u?
2
Let w(s) = -2*s**3 + 3*s**2 + 2*s + s**2 - 1 - 2*s**2. Let n be w(-2). Let t = -7 + n. What is the units digit of t?
2
Let m(h) = -13*h - 2. Let p(k) be the first derivative of 208*k**2 + 65*k - 2. Let u(y) = -65*m(y) - 2*p(y). What is the units digit of u(1)?
3
Let s(b) = -3*b + 3. What is the units digit of s(-11)?
6
Let n = -8 + 13. Suppose -n*c = -33 + 13. What is the units digit of c?
4
Suppose 8 = f + f. Let j = -3 + f. Let w = 1 + j. What is the units digit of w?
2
Let s(p) = p**3 - 6*p**2 + 4. Let g be s(6). Let u = -2 + g. Suppose -2 = u*m - 20. What is the units digit of m?
9
Suppose 2*s = 53 + 33. What is the tens digit of s?
4
Let s(z) = z**2 - 12*z + 15. Let p be s(11). Let q be (0 + 0)/(-1 - 0). Let j = q + p. What is the units digit of j?
4
Suppose -5*n + 2 = -68. Let u = 28 - n. What is the tens digit of u?
1
Suppose -3*v - 7 = -1. Let y(h) = -h**3 + h - 2. Let u be y(v). Let g(a) = a**3 - 3*a**2 - 2*a + 1. What is the units digit of g(u)?
9
Suppose -5 = -3*c + 271. What is the units digit of c?
2
Suppose 62 - 23 = b. What is the tens digit of b?
3
Let a(v) = 4*v - 2. Let n be a(-2). Let u = 18 + n. What is the units digit of u?
8
Suppose -w = -0*w - 2. Suppose -2*k - 6 = -4*k. Let v = k - w. What is the units digit of v?
1
Let t be (-2)/1 + -1 - -6. What is the units digit of t + (0 - 0) + -2?
1
Suppose -5*u + 32 = 7. Suppose 5*w - 3*k = k + 105, -4*w = u*k - 43. What is the units digit of w?
7
Let k = -2 - -1. Let z = k - -1. Suppose z = -2*p + p + 5. What is the units digit of p?
5
What is the units digit of 7 - 4 - (-1 + -24)?
8
Let p(n) = 3*n**2 + n. Let s be p(1). Let l(q) = 2*q - 7. Let x be l(6). Let k = x + s. What is the units digit of k?
9
Let l(q) = -3*q + 19. Let h(v) = 5*v - 29. Let u(i) = -5*h(i) - 8*l(i). What is the units digit of u(-10)?
3
Let z(o) = o**3 - 4*o**2 + 4*o + 1. Let h be z(3). Let v(b) = b**2 - 2*b + 6. Let p be v(0). What is the units digit of 6*(p/h + 0)?
9
What is the units digit of (7 - 12/4) + -3?
1
Suppose 3*t - 2*t = -1. Suppose 12 = -6*s + 2*s. What is the units digit of 4 + (t*2 - s)?
5
Let p(w) = w + 13. Let g be 23/7 + (-4)/14. Suppose -3*k = 0, j + 28 = -g*j + 4*k. What is the units digit of p(j)?
6
Suppose 0*z = 2*z - 2, 23 = 4*w - z. Let m(k) = -k**2 - 7*k - 6. Let g be m(-5). Let q = w - g. What is the units digit of q?
2
Suppose -2*l + 2 = -2. Suppose 2*j + 2*h - l = -2*j, 3*j - h - 9 = 0. Suppose -k = -6*k - 3*q + 59, -k = -j*q - 4. What is the tens digit of k?
1
Suppose -2*g + 154 + 30 = 0. What is the units digit of g?
2
Suppose -4*m + 6 = -2*m. Suppose 9 = 4*b - 5*v, -27 = -2*b - m*v - 6. What is the units digit of b?
6
Let y be (-2 - 10/(-4))*-2. Let u be 4*(15/6 - y). What is the units digit of (u - 2)*(-2)/(-3)?
8
Let b = -7 + 11. Suppose 0*f - 12 = b*f. What is the units digit of f*(-1)/9*24?
8
Suppose 697 = 3*w + z, -4*w - 2*z + 575 = -353. What is the hundreds digit of w?
2
Let w = -14 - -13. What is the units digit of (26 + -1 - w) + -3?
3
Let v = -9 - -20. Let f = v - -8. What is the tens digit of f?
1
Suppose -4*b + 6 = -2*b. What is the units digit of 2 - 4/(-6)*b?
4
Let x(a) = -4*a - 4*a**2 - 2*a**2 - a**3 + 3*a + 2. Let b be x(-6). Let j(r) = r**2 - 6*r - 8. What is the units digit of j(b)?
8
Suppose -13 = 3*o + k, -o + 17 = -10*k + 5*k. Let f(t) be the first derivative of t**3/3 + t**2 + 4*t + 5. What is the units digit of f(o)?
7
Suppose -2*l = 4, -5*b - 8*l + 7*l + 1188 = 0. What is the units digit of b?
8
What is the units digit of (3 + 31)/(2/5)?
5
Suppose 0 = s - 4, -3*w + 4*w = -3*s + 26. What is the tens digit of w?
1
Suppose p - 12 = 3. Let v = p - 3. What is the tens digit of v?
1
Let u = 1 + 19. What is the tens digit of u?
2
Let r = -219 - -367. Suppose -98 - r = -6*g. What is the tens digit of g?
4
Let d = 159 - 101. What is the tens digit of d?
5
What is the tens digit of 136/8 + 4/(-2)?
1
Let a(x) = 3*x + 29. What is the units digit of a(23)?
8
Suppose -25 = -5*b - 10. Suppose 0*j = -4*j + 4*h + 28, h = b. What is the units digit of j?
0
Let v(d) = -d**2 - 13*d. Let c = 12 + -20. Let q be v(c). Suppose 0 = 2*m + 2*h - 6*h - 8, -4*h = 4*m - q. What is the units digit of m?
8
Let n(k) = k**2 + k - 1. Let c be n(-4). Suppose 0 = -2*w + 8, -w - c = -u - 2*u. Suppose 17 - u = 2*b. What is the units digit of b?
6
Suppose 3*g + 165 = a, 5*a + 3*g = 381 + 408. What is the hundreds digit of a?
1
Let s(u) = u**3 + 6*u**2 - 5*u + 4. What is the units digit of s(-4)?
6
Suppose 5*c - 21 - 9 = 0. What is the units digit of c?
6
Let q(c) = c**2 + 2*c - 2. Suppose -3*d + 1 = -4*y + 8, 2 = 2*d - y. What is the units digit of q(d)?
3
What is the units digit of (0 - (2 + 2))*(1 + -17)?
4
Let k be (-2 - 9/(-3))*5. Suppose 0 = -4*r - 4*o, -3*o - 3 = 5*r - k. What is the units digit of r?
1
Let g(f) = -f**2 + 8*f - 5. Suppose -14 + 6 = -c + 4*z, -z - 2 = -4*c. Suppose c*y + 20 = 4*y. What is the tens digit of g(y)?
1
What is the units digit of (411 - 5)/(3 - (-4)/(-2))?
6
Let y be 1/((-1)/(-1)) + -1. Suppose 3*o + 4*v - 2*v = 35, -4*o - v + 55 = y. What is the tens digit of o?
1
Suppose 0 = -c - 3*c + 16. Suppose 2*z - 5*z + 21 = 0. Let n = z - c. What is the units digit of n?
3
Let p(d) = d**3 - 4. Let s be p(0). What is the tens digit of (-10)/(2/s*2)?
1
Let m(c) = -64*c - 4. What is the tens digit of m(-2)?
2
Suppose 0 = n + n - 5*h - 13, 0 = -4*n + 3*h + 19. Let k(t) = t**2 + t + 3. Let b be k(n). Let j = b + -10. What is the tens digit of j?
1
Let r = -3 - -11. Let i be 3 + 0 - (5 + -1 + 0). What i